{"id":36,"date":"2026-04-13T14:11:42","date_gmt":"2026-04-13T14:11:42","guid":{"rendered":"http:\/\/netoptn.cluster100.hosting.ovh.net\/index.php\/our-mission\/"},"modified":"2026-04-14T19:18:17","modified_gmt":"2026-04-14T19:18:17","slug":"our-mission","status":"publish","type":"page","link":"https:\/\/www.net-opticien.com\/index.php\/our-mission\/","title":{"rendered":"Notre Vision"},"content":{"rendered":"\t\t<div data-elementor-type=\"wp-page\" data-elementor-id=\"36\" class=\"elementor elementor-36\">\n\t\t\t\t<div class=\"elementor-element elementor-element-4e86a17d e-con-full e-flex e-con e-parent\" data-id=\"4e86a17d\" data-element_type=\"container\" data-e-type=\"container\">\n\t\t<div class=\"elementor-element elementor-element-3e43ce04 e-con-full e-flex e-con e-child\" data-id=\"3e43ce04\" data-element_type=\"container\" data-e-type=\"container\">\n\t\t\t\t<div class=\"elementor-element elementor-element-1a1632ab elementor-widget elementor-widget-heading\" data-id=\"1a1632ab\" data-element_type=\"widget\" data-e-type=\"widget\" data-widget_type=\"heading.default\">\n\t\t\t\t\t<h1 class=\"elementor-heading-title elementor-size-default\">Votre vision, notre objectif<\/h1>\t\t\t\t<\/div>\n\t\t<div class=\"elementor-element elementor-element-132d5f26 e-con-full e-flex e-con e-child\" data-id=\"132d5f26\" data-element_type=\"container\" data-e-type=\"container\">\n\t\t\t\t<div class=\"elementor-element elementor-element-5cc4324 elementor-widget elementor-widget-heading\" data-id=\"5cc4324\" data-element_type=\"widget\" data-e-type=\"widget\" data-widget_type=\"heading.default\">\n\t\t\t\t\t<h3 class=\"elementor-heading-title elementor-size-default\">\noffrir \u00e0 chacun une exp\u00e9rience optique simple, accessible et agr\u00e9able.<\/h3>\t\t\t\t<\/div>\n\t\t\t\t<div class=\"elementor-element elementor-element-f76a25d elementor-widget elementor-widget-text-editor\" data-id=\"f76a25d\" data-element_type=\"widget\" data-e-type=\"widget\" data-widget_type=\"text-editor.default\">\n\t\t\t\t\t\t\t\t\t<p>Une enseigne d&#8217;opticiens ind\u00e9pendants, passionn\u00e9s par leur m\u00e9tier et attach\u00e9s \u00e0 la proximit\u00e9 avec leurs clients.<\/p>\t\t\t\t\t\t\t\t<\/div>\n\t\t\t\t<div class=\"elementor-element elementor-element-4f65a56 elementor-widget elementor-widget-text-editor\" data-id=\"4f65a56\" data-element_type=\"widget\" data-e-type=\"widget\" data-widget_type=\"text-editor.default\">\n\t\t\t\t\t\t\t\t\t<p>On choisit ses lunettes comme on choisit un bon conseil : avec confiance, plaisir et simplicit\u00e9.<\/p>\t\t\t\t\t\t\t\t<\/div>\n\t\t\t\t<\/div>\n\t\t\t\t<\/div>\n\t\t<div class=\"elementor-element elementor-element-6e8236c2 e-con-full e-flex e-con e-child\" data-id=\"6e8236c2\" data-element_type=\"container\" data-e-type=\"container\">\n\t\t\t\t\t\t\t\n\t\t<img class=\"e-image-base e-851f767-f372186\" \n\t\t\t\t\tdata-interaction-id=\"851f767\" \n\t\t \n\t\t \n\t\t\t\t\t\t\t\t\tid=\"87\"\n\t\t\t\t\t\t\t\t\t\t\t\tsrc=\"https:\/\/www.net-opticien.com\/wp-content\/uploads\/2026\/04\/Gemini_Generated_Image_p864etp864etp864.png\"\n\t\t\t\t\t\t\t\t\t\t\t\twidth=\"928\"\n\t\t\t\t\t\t\t\t\t\t\t\theight=\"1152\"\n\t\t\t\t\t\t\t\t\t\t\t\tsrcset=\"https:\/\/www.net-opticien.com\/wp-content\/uploads\/2026\/04\/Gemini_Generated_Image_p864etp864etp864.png 928w, https:\/\/www.net-opticien.com\/wp-content\/uploads\/2026\/04\/Gemini_Generated_Image_p864etp864etp864-242x300.png 242w, https:\/\/www.net-opticien.com\/wp-content\/uploads\/2026\/04\/Gemini_Generated_Image_p864etp864etp864-825x1024.png 825w, https:\/\/www.net-opticien.com\/wp-content\/uploads\/2026\/04\/Gemini_Generated_Image_p864etp864etp864-768x953.png 768w\"\n\t\t\t\t\t\t\t\t\t\t\t\talt=\"\"\n\t\t\t\t\t\t\/>\n\t\t\t\t\t<\/div>\n\t\t\t\t<\/div>\n\t\t<div class=\"elementor-element elementor-element-4b748e0c e-con-full e-flex e-con e-parent\" data-id=\"4b748e0c\" data-element_type=\"container\" data-e-type=\"container\">\n\t\t<div class=\"elementor-element elementor-element-36a1f00 e-con-full e-flex e-con e-child\" data-id=\"36a1f00\" data-element_type=\"container\" data-e-type=\"container\" data-settings=\"{&quot;background_background&quot;:&quot;classic&quot;}\">\n\t\t\t\t<div class=\"elementor-element elementor-element-3c386a96 elementor-invisible elementor-widget elementor-widget-image\" data-id=\"3c386a96\" data-element_type=\"widget\" data-e-type=\"widget\" data-settings=\"{&quot;_animation&quot;:&quot;fadeInUp&quot;}\" data-widget_type=\"image.default\">\n\t\t\t\t\t\t\t\t\t\t\t\t\t\t\t<img fetchpriority=\"high\" decoding=\"async\" width=\"416\" height=\"444\" src=\"https:\/\/www.net-opticien.com\/wp-content\/uploads\/2026\/04\/OurMissionPage-OurStory-img_2.jpg\" class=\"attachment-full size-full wp-image-38\" alt=\"\" srcset=\"https:\/\/www.net-opticien.com\/wp-content\/uploads\/2026\/04\/OurMissionPage-OurStory-img_2.jpg 416w, https:\/\/www.net-opticien.com\/wp-content\/uploads\/2026\/04\/OurMissionPage-OurStory-img_2-281x300.jpg 281w\" sizes=\"(max-width: 416px) 100vw, 416px\" \/>\t\t\t\t\t\t\t\t\t\t\t\t\t\t\t<\/div>\n\t\t\t\t<\/div>\n\t\t<div class=\"elementor-element elementor-element-7a0c6861 e-con-full e-flex e-con e-child\" data-id=\"7a0c6861\" data-element_type=\"container\" data-e-type=\"container\">\n\t\t\t\t<div class=\"elementor-element elementor-element-3a7a7505 elementor-widget elementor-widget-heading\" data-id=\"3a7a7505\" data-element_type=\"widget\" data-e-type=\"widget\" data-widget_type=\"heading.default\">\n\t\t\t\t\t<h2 class=\"elementor-heading-title elementor-size-default\">Our \nSTORy<\/h2>\t\t\t\t<\/div>\n\t\t\t\t<div class=\"elementor-element elementor-element-1dbd52fc elementor-widget__width-initial animated-slow elementor-invisible elementor-widget elementor-widget-text-editor\" data-id=\"1dbd52fc\" data-element_type=\"widget\" data-e-type=\"widget\" data-settings=\"{&quot;_animation&quot;:&quot;fadeIn&quot;}\" data-widget_type=\"text-editor.default\">\n\t\t\t\t\t\t\t\t\tLorem ipsum dolor sit amet, consectetur adipiscing elit, sed do eiusmod tempor incididunt ut labore et dolore magna aliqua. Lorem ipsum dolor sit amet, consectetur adipiscing elit, sed do eiusmod tempor incididunt ut labore et dolore magna aliqua. Lorem ipsum dolor sit amet, consectetur adipiscing elit.\t\t\t\t\t\t\t\t<\/div>\n\t\t\t\t<\/div>\n\t\t\t\t<\/div>\n\t\t<div class=\"elementor-element elementor-element-b8f5dd6 e-con-full e-flex e-con e-parent\" data-id=\"b8f5dd6\" data-element_type=\"container\" data-e-type=\"container\">\n\t\t<div class=\"elementor-element elementor-element-71683275 e-con-full e-flex e-con e-child\" data-id=\"71683275\" data-element_type=\"container\" data-e-type=\"container\">\n\t\t\t\t<div class=\"elementor-element elementor-element-7b9c3e19 elementor-widget elementor-widget-heading\" data-id=\"7b9c3e19\" data-element_type=\"widget\" data-e-type=\"widget\" data-widget_type=\"heading.default\">\n\t\t\t\t\t<h2 class=\"elementor-heading-title elementor-size-default\">Follow the Story<\/h2>\t\t\t\t<\/div>\n\t\t\t\t<div class=\"elementor-element elementor-element-1b056064 gallery-spacing-custom elementor-widget-mobile__width-initial elementor-invisible elementor-widget elementor-widget-image-gallery\" data-id=\"1b056064\" data-element_type=\"widget\" data-e-type=\"widget\" data-settings=\"{&quot;_animation&quot;:&quot;fadeInLeft&quot;,&quot;_animation_mobile&quot;:&quot;none&quot;}\" data-widget_type=\"image-gallery.default\">\n\t\t\t\t\t\t\t<div class=\"elementor-image-gallery\">\n\t\t\t<div id='gallery-1' class='gallery galleryid-36 gallery-columns-4 gallery-size-full'><figure class='gallery-item'>\n\t\t\t<div class='gallery-icon landscape'>\n\t\t\t\t<img decoding=\"async\" width=\"171\" height=\"171\" src=\"https:\/\/www.net-opticien.com\/wp-content\/uploads\/2026\/04\/HomePage-Footer-Gallery-img_1.jpg\" class=\"attachment-full size-full\" alt=\"\" srcset=\"https:\/\/www.net-opticien.com\/wp-content\/uploads\/2026\/04\/HomePage-Footer-Gallery-img_1.jpg 171w, https:\/\/www.net-opticien.com\/wp-content\/uploads\/2026\/04\/HomePage-Footer-Gallery-img_1-150x150.jpg 150w\" sizes=\"(max-width: 171px) 100vw, 171px\" \/>\n\t\t\t<\/div><\/figure><figure class='gallery-item'>\n\t\t\t<div class='gallery-icon landscape'>\n\t\t\t\t<img decoding=\"async\" width=\"171\" height=\"171\" src=\"https:\/\/www.net-opticien.com\/wp-content\/uploads\/2026\/04\/HomePage-Footer-Gallery-img_2.jpg\" class=\"attachment-full size-full\" alt=\"\" srcset=\"https:\/\/www.net-opticien.com\/wp-content\/uploads\/2026\/04\/HomePage-Footer-Gallery-img_2.jpg 171w, https:\/\/www.net-opticien.com\/wp-content\/uploads\/2026\/04\/HomePage-Footer-Gallery-img_2-150x150.jpg 150w\" sizes=\"(max-width: 171px) 100vw, 171px\" \/>\n\t\t\t<\/div><\/figure><figure class='gallery-item'>\n\t\t\t<div class='gallery-icon landscape'>\n\t\t\t\t<img loading=\"lazy\" decoding=\"async\" width=\"171\" height=\"171\" src=\"https:\/\/www.net-opticien.com\/wp-content\/uploads\/2026\/04\/HomePage-Footer-Gallery-img_3.jpg\" class=\"attachment-full size-full\" alt=\"\" srcset=\"https:\/\/www.net-opticien.com\/wp-content\/uploads\/2026\/04\/HomePage-Footer-Gallery-img_3.jpg 171w, https:\/\/www.net-opticien.com\/wp-content\/uploads\/2026\/04\/HomePage-Footer-Gallery-img_3-150x150.jpg 150w\" sizes=\"(max-width: 171px) 100vw, 171px\" \/>\n\t\t\t<\/div><\/figure><figure class='gallery-item'>\n\t\t\t<div class='gallery-icon landscape'>\n\t\t\t\t<img loading=\"lazy\" decoding=\"async\" width=\"171\" height=\"171\" src=\"https:\/\/www.net-opticien.com\/wp-content\/uploads\/2026\/04\/HomePage-Footer-Gallery-img_4.jpg\" class=\"attachment-full size-full\" alt=\"\" srcset=\"https:\/\/www.net-opticien.com\/wp-content\/uploads\/2026\/04\/HomePage-Footer-Gallery-img_4.jpg 171w, https:\/\/www.net-opticien.com\/wp-content\/uploads\/2026\/04\/HomePage-Footer-Gallery-img_4-150x150.jpg 150w\" sizes=\"(max-width: 171px) 100vw, 171px\" \/>\n\t\t\t<\/div><\/figure>\n\t\t<\/div>\n\t\t<\/div>\n\t\t\t\t\t\t<\/div>\n\t\t\t\t<div class=\"elementor-element elementor-element-528f2a76 elementor-icon-list--layout-inline elementor-list-item-link-full_width elementor-widget elementor-widget-icon-list\" data-id=\"528f2a76\" data-element_type=\"widget\" data-e-type=\"widget\" data-widget_type=\"icon-list.default\">\n\t\t\t\t\t\t\t<ul class=\"elementor-icon-list-items elementor-inline-items\">\n\t\t\t\t\t\t\t<li class=\"elementor-icon-list-item elementor-inline-item\">\n\t\t\t\t\t\t\t\t\t\t\t<a href=\"#\">\n\n\t\t\t\t\t\t\t\t\t\t\t<span class=\"elementor-icon-list-text\">Instagram  <\/span>\n\t\t\t\t\t\t\t\t\t\t\t<\/a>\n\t\t\t\t\t\t\t\t\t<\/li>\n\t\t\t\t\t\t\t\t<li class=\"elementor-icon-list-item elementor-inline-item\">\n\t\t\t\t\t\t\t\t\t\t\t<a href=\"#\">\n\n\t\t\t\t\t\t\t\t\t\t\t<span class=\"elementor-icon-list-text\">twitter<\/span>\n\t\t\t\t\t\t\t\t\t\t\t<\/a>\n\t\t\t\t\t\t\t\t\t<\/li>\n\t\t\t\t\t\t\t\t<li class=\"elementor-icon-list-item elementor-inline-item\">\n\t\t\t\t\t\t\t\t\t\t\t<a href=\"#\">\n\n\t\t\t\t\t\t\t\t\t\t\t<span class=\"elementor-icon-list-text\">facebook<\/span>\n\t\t\t\t\t\t\t\t\t\t\t<\/a>\n\t\t\t\t\t\t\t\t\t<\/li>\n\t\t\t\t\t\t<\/ul>\n\t\t\t\t\t\t<\/div>\n\t\t\t\t<div class=\"elementor-element elementor-element-178c8b71 elementor-widget elementor-widget-heading\" data-id=\"178c8b71\" data-element_type=\"widget\" data-e-type=\"widget\" data-widget_type=\"heading.default\">\n\t\t\t\t\t<h1 class=\"elementor-heading-title elementor-size-default\">Oubl\u00e9<\/h1>\t\t\t\t<\/div>\n\t\t\t\t<\/div>\n\t\t<div class=\"elementor-element elementor-element-31b8caae e-con-full e-flex e-con e-child\" data-id=\"31b8caae\" data-element_type=\"container\" data-e-type=\"container\" data-settings=\"{&quot;background_background&quot;:&quot;classic&quot;}\">\n\t\t\t\t<div class=\"elementor-element elementor-element-50fab7f3 elementor-widget elementor-widget-spacer\" data-id=\"50fab7f3\" data-element_type=\"widget\" data-e-type=\"widget\" data-widget_type=\"spacer.default\">\n\t\t\t\t\t\t\t<div class=\"elementor-spacer\">\n\t\t\t<div class=\"elementor-spacer-inner\"><\/div>\n\t\t<\/div>\n\t\t\t\t\t\t<\/div>\n\t\t\t\t<\/div>\n\t\t\t\t<\/div>\n\t\t\t\t<div class=\"elementor-element elementor-element-3eebb73 e-con e-atomic-element e-flexbox-base\" data-id=\"3eebb73\" data-element_type=\"e-flexbox\" data-e-type=\"e-flexbox\" data-interaction-id=\"3eebb73\">\n\t\t\t\t<\/div>\n\t\t\t\t<\/div>\n\t\t","protected":false},"excerpt":{"rendered":"<p>Votre vision, notre objectif offrir \u00e0 chacun une exp\u00e9rience optique simple, accessible et agr\u00e9able. Une enseigne d&#8217;opticiens ind\u00e9pendants, passionn\u00e9s par leur m\u00e9tier et attach\u00e9s \u00e0 la proximit\u00e9 avec leurs clients. On choisit ses lunettes comme on choisit un bon conseil : avec confiance, plaisir et simplicit\u00e9. Our STORy Lorem ipsum dolor sit amet, consectetur adipiscing [&hellip;]<\/p>\n","protected":false},"author":1,"featured_media":42,"parent":0,"menu_order":0,"comment_status":"closed","ping_status":"closed","template":"elementor_header_footer","meta":{"footnotes":""},"class_list":["post-36","page","type-page","status-publish","has-post-thumbnail","hentry"],"_links":{"self":[{"href":"https:\/\/www.net-opticien.com\/index.php\/wp-json\/wp\/v2\/pages\/36","targetHints":{"allow":["GET"]}}],"collection":[{"href":"https:\/\/www.net-opticien.com\/index.php\/wp-json\/wp\/v2\/pages"}],"about":[{"href":"https:\/\/www.net-opticien.com\/index.php\/wp-json\/wp\/v2\/types\/page"}],"author":[{"embeddable":true,"href":"https:\/\/www.net-opticien.com\/index.php\/wp-json\/wp\/v2\/users\/1"}],"replies":[{"embeddable":true,"href":"https:\/\/www.net-opticien.com\/index.php\/wp-json\/wp\/v2\/comments?post=36"}],"version-history":[{"count":14,"href":"https:\/\/www.net-opticien.com\/index.php\/wp-json\/wp\/v2\/pages\/36\/revisions"}],"predecessor-version":[{"id":330,"href":"https:\/\/www.net-opticien.com\/index.php\/wp-json\/wp\/v2\/pages\/36\/revisions\/330"}],"wp:featuredmedia":[{"embeddable":true,"href":"https:\/\/www.net-opticien.com\/index.php\/wp-json\/wp\/v2\/media\/42"}],"wp:attachment":[{"href":"https:\/\/www.net-opticien.com\/index.php\/wp-json\/wp\/v2\/media?parent=36"}],"curies":[{"name":"wp","href":"https:\/\/api.w.org\/{rel}","templated":true}]}}